s of 175/g - 3 - -3?
5, 7
Let s be 0/1 - (-120)/5. Suppose 0 = 4*t + 4*l - 0*l, 4*l + 12 = 0. Suppose -4*v + s = -t*v. What are the prime factors of v?
2, 3
List the prime factors of (5 + 20/(-6))*69.
5, 23
Suppose t + 17 = w, 4*w + 75 = -4*t + 7. Let i be (-2 + 0 + 1)*t. Let q = i - 5. What are the prime factors of q?
2, 3
Let h(b) = -7*b**2 + 14*b**2 - 6*b**3 - 11*b**2 - 3*b. What are the prime factors of h(-2)?
2, 19
Let b(u) = -10*u - 13 + u**2 - 4*u - u. Suppose -41 = -17*d + 248. What are the prime factors of b(d)?
3, 7
Let h(x) = 2*x**2 + 7 - 6*x**2 + 4*x**2 + 2*x + x**2. Let i = -3 + -3. List the prime factors of h(i).
31
Let f = 111 + 4407. List the prime factors of f.
2, 3, 251
Let h be (-29 - -31)*(0 - (-58)/(-4)). Let b = -21 - h. List the prime factors of b.
2
Let f = -260 + 315. List the prime factors of f.
5, 11
Let y = 18 + -11. Suppose 21 = s + 5. Let v = s + y. What are the prime factors of v?
23
Suppose v - 6 = 1. Suppose w = v*w - 336. List the prime factors of w.
2, 7
Suppose -4*o + 328 = -5*l, 3*l + 315 - 114 = o. Let h = -43 - l. List the prime factors of h.
5
Let k be -3 + 155 + -1 + -3. Suppose 5*o - 33 = -2*t + 83, -o + k = 3*t. List the prime factors of t.
2, 3
Suppose 10*d - 9*d = 381. List the prime factors of d.
3, 127
Let b be 4/(-18) + (-6236)/(-36). Suppose -u - 55 = -b. Suppose -f + u = f. What are the prime factors of f?
59
Let k = 7 + -5. Let x(d) = -2*d**k + 11*d + d**2 - 4*d - 2 - 2. List the prime factors of x(3).
2
List the prime factors of ((-694)/10)/((-1)/10*2).
347
Suppose -24 = -6*n + 168. What are the prime factors of n/2 - (2 - 6)?
2, 5
Let c be (-5)/(0 + 0 + -1 - 0). Let t(k) = 3*k**2 + 4*k + 5. List the prime factors of t(c).
2, 5
Let o(n) = 14*n - 7. Let q be o(11). Suppose 4*s - q = 213. Suppose u - s = -2*u - 5*r, -5*u - 4*r = -163. List the prime factors of u.
5, 7
Let j = 166 + 126. Suppose j = 2*q - 174. List the prime factors of q.
233
Let r(p) = p**2 + 15*p + 14. Let v = -35 + 7. Let z = -44 - v. List the prime factors of r(z).
2, 3, 5
Suppose -37*s = -42*s + 25. Suppose 0 = -s*c - f + 205, -c + 2*f = 4*f - 41. What are the prime factors of c?
41
Let o be 237 + -3 - (-1)/(-5 + 4). Suppose -26*i = -27*i + o. What are the prime factors of i?
233
Suppose -b = 5*i + 3 - 17, 4*b - 5*i = -19. List the prime factors of -1*8*(0 + b).
2
Suppose b - 9*b = -712. What are the prime factors of b?
89
Suppose 0 = -3*i + 4*s + 1415, 6*s - 8*s + 920 = 2*i. List the prime factors of i.
3, 5, 31
Suppose 0 = 4*c - 6 - 2. Suppose 30 + 18 = c*l. What are the prime factors of l?
2, 3
Suppose 5*b = -3*r + 2615, -3*r - 15*b = -20*b - 2605. What are the prime factors of r?
2, 3, 5, 29
List the prime factors of 1929/1 - (-1 + -1 + 1).
2, 5, 193
List the prime factors of (20/3)/((-24)/(-1116)).
2, 5, 31
Suppose 5*r - r - 8 = 0. List the prime factors of 29 + (4 - r) + 3.
2, 17
Suppose -2*c - 835 + 265 = -2*t, -2*c - 8 = 0. List the prime factors of t.
281
Let o(g) = -5*g + 19. Let l(j) = -8*j**3 - j + 1. Let v be l(1). What are the prime factors of o(v)?
59
Suppose 2*i + 0*i + 520 = 0. List the prime factors of (2 - 834/(-13)) + 40/i.
2, 3, 11
Let a(z) = 16*z**2 - 2*z + 1. Let b be a(1). Suppose -3*d = 2*d + b. List the prime factors of 3 - d*3/(-9).
2
Suppose -10*y + 1568 = -12*y. What are the prime factors of (y/(-24))/((-6)/(-9))?
7
Let y(z) = -z + 19. Let i be y(19). Suppose i*q = -q. Suppose 0*g + 7*g - 189 = q. List the prime factors of g.
3
Let r(m) = -34*m**2 + m + 1. Let v be r(-1). What are the prime factors of (2 + (v/4)/(-1))*6?
3, 7
Let u(a) = 2*a**3 + a - 2. Let f be u(1). Let x(b) = 125*b + 2. List the prime factors of x(f).
127
Let l = -1481 - -2648. List the prime factors of l.
3, 389
Let k(v) = -v**2 - 5*v - 3. Let j be k(-3). Suppose h = -5*n + 9, -h + j*n - 15 = -4*h. Suppose 0 = h*x + x - 260. List the prime factors of x.
2, 13
Let j(z) = 3*z + 22. Let y be 23 - (2 + -1) - 0. List the prime factors of j(y).
2, 11
Suppose -4*b + 919 = 13*p - 8*p, 5*b - 1139 = -3*p. What are the prime factors of b?
2, 113
Let h(s) = s**3 - 5*s + 2. Let a be h(3). Suppose -d - a = d. Let n = d - -27. What are the prime factors of n?
2, 5
List the prime factors of ((-115768)/348)/(6/81*-1).
3, 499
List the prime factors of (-83916)/(-44) - (-14)/(-539)*7.
1907
Suppose -3*a - 4 = h, -h + 0 = a - 2. Suppose -3*l + 55 = -h. What are the prime factors of l?
2, 5
Let x be 4 + (4 - 2)*-4. Let r be (-44)/(-7) - x/(-14). Suppose -2*t - 3 = -m, m + 6 = r*t - t. What are the prime factors of m?
3
Suppose 4*c = 2*f - 41 - 25, 5*f + 3*c = 165. Let j = 13 + -23. Let x = j + f. List the prime factors of x.
23
Let o(v) be the first derivative of -v**3/3 - 19*v**2/2 + 20*v - 9. List the prime factors of o(-15).
2, 5
Let x(w) = -w - 2. Let a be x(0). Let o be a/(-4) + 1/2. List the prime factors of 30*(2 - o/2).
3, 5
Suppose -2*v = -z - 3, 3*z = -v + 25 - 6. Suppose 1186 = z*p + 6*u - 2*u, -4*p - 2*u = -944. What are the prime factors of p?
2, 3, 13
Suppose -5*k + 900 = -4*y, -k + 4*y = k - 372. Suppose 5*z + 367 = 4*i - k, 3*i - 414 = -3*z. List the prime factors of i.
137
Suppose -15 = i - 3. Let u(d) = -d**3 - 13*d**2 - 16*d - 12. Let k be u(i). What are the prime factors of ((-2)/(-3))/(3/k)?
2
Let s be 23/((12/3)/12). Let j be (s/6)/(2/8). Let x = -23 + j. What are the prime factors of x?
23
What are the prime factors of (1 - -2)/(8/712 + 0)?
3, 89
Let f = -96 + -46. Let p = 223 + f. List the prime factors of p.
3
Suppose g - 11*g + 5870 = 0. Let p = g + -369. What are the prime factors of p?
2, 109
What are the prime factors of (-78)/(-30)*(-10)/(-6)*222?
2, 13, 37
Suppose 1700 = -9*o + 13*o + 5*u, -u = -2*o + 836. List the prime factors of o.
2, 3, 5, 7
Let l(x) = -2*x**2 - 18*x - 17. Let i be l(-8). What are the prime factors of (145 - (-6)/2)*i/(-2)?
2, 37
Suppose -3*v - 11 = -u, 7*u + v - 71 = 2*u. Suppose -17*q + u*q + 129 = 0. List the prime factors of q.
43
Let b(d) = 585*d**2 + 21*d - 46. List the prime factors of b(3).
2, 19, 139
Suppose -4*t = -3*c - 5736, 4273 = 3*t - c + 6*c. What are the prime factors of t?
3, 53
Suppose -2*v - 52 = 4*u, 2*v = -0*v. Let d = u - -21. What are the prime factors of d?
2
Let t = -1 + -15. Let r(x) = x**2 + 7*x + 10. What are the prime factors of r(t)?
2, 7, 11
Suppose -i - 3*g = -51, 28*i - 23*i - 288 = -4*g. What are the prime factors of i?
2, 3, 5
Let o(a) = 4*a + 1. Let l(d) = 2*d. Let u(k) = -5*l(k) + 2*o(k). Let w(n) = 1. Let s(r) = -u(r) + 3*w(r). List the prime factors of s(6).
13
List the prime factors of (-33)/132 + 9218/8.
2, 3
Let g(m) = -m**3 + m**2. Suppose 2 = 5*n - 3. Let j be g(n). Suppose j = 5*s + b - 0*b - 30, -5*s = -5*b. List the prime factors of s.
5
Let y = 1128 - -640. List the prime factors of y.
2, 13, 17
Let s(m) = -m**2 + 4*m + 4. Let y(d) = -d - 2. Let p be y(-2). Suppose -2*t + 6*t - 16 = p. List the prime factors of s(t).
2
Let u = -128 - -296. List the prime factors of u.
2, 3, 7
Suppose -3*u = -u + 4, 5*p = u + 12. What are the prime factors of (6 + 44/(-6))*(-45)/p?
2, 3, 5
Let p(f) = -81*f. Let v be p(-9). Suppose 11*x = 2*x + v. What are the prime factors of x?
3
What are the prime factors of (3/(-2))/((-30)/50360) + 2?
2, 3, 5, 7
Let o be -1 - (-4 + 0) - 17. List the prime factors of (-833)/o + 2/4.
2, 3, 5
Let q(t) = -t**2 + 7*t - 15. Let u be q(6). Let s = 5 - u. Let p = s - -3. What are the prime factors of p?
17
Let r(q) = q + 5. Let f be r(-5). Suppose 5*w + 0*m + 5*m + 60 = f, -3*w = -2*m + 11. Let g(o) = -o + 2. List the prime factors of g(w).
3
Let i(j) = -j**3 - 19*j**2 - 15*j + 32. Let f be i(-18). Let z(u) = u**2 + 16*u - 2. List the prime factors of z(f).
2, 5, 13
Let v(j) = -133*j - 1001. List the prime factors of v(-41).
2, 3, 7, 53
Suppose -2*h = -292 + 96. Suppose 0 = 4*o - 7*o. Suppose -3*l - 5*b = -50, o*b + h = 5*l + b. List the prime factors of l.
2, 5
Let v(b) = b + 9. Let y be v(-8). Let o be y*(-3 - -2)*0. Suppose -96 = -3*m + p, -3*m + 10*p - 5*p + 84 = o. List the prime factors of m.
3, 11
Suppose 5*h - 38*h + 30063 = 0. What are the prime factors of h?
911
Suppose 0*q + 3*q = 3*j + 867, -4*q + 1147 = 5*j. Let a = q + -190. List the prime factors of a.
2, 7
Suppose -2*c + 9*s = 5*s - 2932, 5*s = -2*c + 2959. List the 